98612?
-98380
In base 13, what is -5c4c02 + -c?
-5c4c11
In base 14, what is -40a6363 + 1?
-40a6362
In base 2, what is 1000111100010001010 + 111000111?
1000111101001010001
In base 5, what is -10 + 131120312?
131120302
In base 7, what is 1 + -24501554?
-24501553
In base 7, what is 0 - -156321026?
156321026
In base 5, what is -32111334 + -3?
-32111342
In base 6, what is -135 - -531130022?
531125443
In base 3, what is -20 + 10021100122112?
10021100122022
In base 7, what is 2 - 216253621?
-216253616
In base 8, what is -26551043 + -17?
-26551062
In base 12, what is 247 - 9475?
-922a
In base 7, what is 5 + 5300603354?
5300603362
In base 11, what is -5 + -2201651?
-2201656
In base 6, what is -12403150431 + -1?
-12403150432
In base 12, what is 5 + -46a688?
-46a683
In base 15, what is -14ec + 41e2?
2be5
In base 2, what is -100001011111000101010111001 - 0?
-100001011111000101010111001
In base 13, what is 2 + 24a660?
24a662
In base 13, what is -c3b3661 + 3?
-c3b365b
In base 11, what is 7028650 + 40?
7028690
In base 2, what is 11111010010010 + 111010110?
100000001101000
In base 16, what is -5 + 685f5e?
685f59
In base 2, what is 11 - -10000000100100110011111000100?
10000000100100110011111000111
In base 2, what is 11010011000101001 + 10110101?
11010011011011110
In base 16, what is 13236d - -30?
13239d
In base 3, what is -200210111 + -101200210?
-1002111021
In base 3, what is -110 - 11012010010200?
-11012010011010
In base 14, what is -7d53 + 193a?
-6417
In base 13, what is -10 + 43aca69?
43aca59
In base 5, what is 24440414 + -2331?
24433033
In base 7, what is -1654 + -451542?
-453526
In base 3, what is 111 + -121101102210122?
-121101102210011
In base 8, what is 5 - 3430571?
-3430564
In base 9, what is -73674 - -102?
-73572
In base 11, what is -539 - -5146?
4708
In base 15, what is -5 - 1a9d40?
-1a9d45
In base 6, what is -1513 - 20100113?
-20102030
In base 3, what is 102 - 21002200221?
-21002200112
In base 13, what is -56aa3 - -1177?
-55929
In base 11, what is 35483 - -31?
35504
In base 16, what is -25416 - a2?
-254b8
In base 9, what is -266814842 + -2?
-266814844
In base 6, what is 4 + 5511223005?
5511223013
In base 10, what is -327757 + 94?
-327663
In base 16, what is 192 - 1cc01?
-1ca6f
In base 16, what is 140 + -186c?
-172c
In base 11, what is 615a - 81853?
-766a4
In base 3, what is -22201020002022012 - 0?
-22201020002022012
In base 12, what is 73 - 136772?
-1366bb
In base 10, what is -192 + -64512?
-64704
In base 6, what is 3 - 2132453315?
-2132453312
In base 13, what is -2 - 20002b1?
-20002b3
In base 15, what is -38 + 424c2?
42489
In base 16, what is 5efb + 34ca?
93c5
In base 4, what is -30032233 - -11220030?
-12212203
In base 13, what is -405 - 3a27?
-412c
In base 5, what is -4 - 11331010220?
-11331010224
In base 2, what is -1000000111001 - 11101110010?
-1011110101011
In base 9, what is 301 - -216524?
216825
In base 16, what is -12 - -7feaa?
7fe98
In base 14, what is 187 + 14836?
149bd
In base 14, what is 150671 + -7?
150668
In base 9, what is -4 - 1718253?
-1718257
In base 11, what is 87694a + -8?
876942
In base 5, what is 32323314 + 114?
32323433
In base 12, what is -6334535 - 5?
-633453a
In base 15, what is -18 + 1433a9?
143391
In base 5, what is 11323101 + -2240?
11320311
In base 12, what is 0 + 231b342?
231b342
In base 15, what is 1 - -110597b?
110597c
In base 5, what is -13212 - -1402242?
1334030
In base 5, what is -3344132 - -4110?
-3340022
In base 3, what is 202011 + -10101022122?
-10100120111
In base 6, what is -1325 + -145454?
-151223
In base 16, what is f9e + 32f0?
428e
In base 9, what is -114 + -603?
-717
In base 15, what is 4 + 7a93166?
7a9316a
In base 11, what is 0 + 2676765?
2676765
In base 8, what is -35 - -542027?
541772
In base 14, what is 5823 - 3089?
2778
In base 3, what is 2220122001 + 1111022?
2222010100
In base 8, what is 6527675 + 14?
6527711
In base 15, what is 5 + -1e5c0de?
-1e5c0d9
In base 14, what is -1028 - 1c12d?
-1d157
In base 13, what is -a - 1221a5?
-1221b2
In base 8, what is 433421 + -42?
433357
In base 2, what is -10111 + -1111010100011010111?
-1111010100011101110
In base 12, what is 677198 - 3?
677195
In base 3, what is 200 + -120222102111212?
-120222102111012
In base 13, what is a2cc8 - -58b?
a3586
In base 13, what is -29 + -95482?
-954ab
In base 12, what is 3 - 13863b81?
-13863b7a
In base 10, what is -4 - 91207114?
-91207118
In base 16, what is -396586 + 3?
-396583
In base 2, what is 100101100111001100111001010 + 110?
100101100111001100111010000
In base 14, what is 1dc1208 + -15?
1dc11d3
In base 6, what is 115 - -301125?
301244
In base 16, what is 6 - 1a95de0?
-1a95dda
In base 7, what is 4165562130 + -3?
4165562124
In base 3, what is -110012 - 1022122221?
-1100010010
In base 2, what is -10 - 111001000111111010000?
-111001000111111010010
In base 16, what is 2a4eb0 - -3?
2a4eb3
In base 12, what is 1952259 - 268?
1951bb1
In base 2, what is 11111 + 1110011010111011011100?
1110011010111011111011
In base 2, what is 11101111110010 + 101000100?
11110100110110
In base 8, what is 1530523 - 3?
1530520
In base 7, what is -1 - 15524052?
-15524053
In base 9, what is 174837841 + -1?
174837840
In base 15, what is 523 - -19d3?
2006
In base 2, what is -1001001100101011 + -10000001001?
-1001011100110100
In base 3, what is -11 + -1000122222000201?
-1000122222000212
In base 13, what is -182c - 7103?
-8932
In base 15, what is -29 - 6865?
-688e
In base 6, what is -11 + 243250333?
243250322
In base 14, what is -d - -220894?
220885
In base 16, what is 1d - 1f24?
-1f07
In base 15, what is 1dac + 7263?
9120
In base 7, what is 51651510 - 25?
51651452
In base 7, what is 114354 - -66006?
213363
In base 12, what is -1a + 542b72?
542b54
In base 15, what is 314313e + -3?
314313b
In base 4, what is -12 + 23110323002?
23110322330
In base 14, what is -50d913 - -2?
-50d911
In base 14, what is 13bd170a + 4?
13bd1710
In base 13, what is -843 - -4620c?
45699
In base 5, what is -34 - -10202421?
10202332
In base 5, what is -2214 + 333223403?
333221134
In base 3, what is -2 + -20221100211020012?
-20221100211020021
In base 11, what is 203 - -152751?
152954
In base 2, what is -10 - -111000100101100010100010?
111000100101100010100000
In base 5, what is -4441312 - 141031?
-10132343
In base 16, what is -fadf9b - -45?
-fadf56
In base 11, what is -82178842 - -2?
-82178840
In base 4, what is 231202 - 1302203?
-1011001
In base 2, what is -1 + 101000110011101000011001010?
101000110011101000011001001
In base 7, what is 46056 + 2154?
51243
In base 16, what is 1b7b - 67?
1b14
In base 9, what is 261828 - 17?
261811
In base 3, what is 112112111111211101 + 21?
112112111111211122
In base 13, what is 5 + 24aba896?
24aba89b
In base 5, what is -2 - 4304212004?
-4304212011
In base 3, what is -111101 + -122210?
-1011011
In base 4, what is 310121103001 + -1?
310121103000
In base 2, what is -101 + -10011001001010101100110001?
-10011001001010101100110110
In base 11, what is 1189 + 10900?
11a89
In base 12, what is 7b0433 + -4?
7b042b
In base 3, what is 100200120 - -1112210100?
1220110220
In base 13, what is -2b698729 - -3?
-2b698726
In base 14, what is 368 - 2ad?
99
In base 11, what is 805 - 258a87?
-258282
In base 15, what is 2 + 780e9a1?
780e9a3
In base 6, what is -1131314042 + -3?
-1131314045
In base 15, what is -1 + 1a0d259?
1a0d258
In base 8, what is -63157 - -6270?
-54667
In base 15, what is 4ec56 + -26?
4ec30
In base 14, what is 84ca - 5b2?
7d18
In base 9, what is -112866 - 130?
-113106
In base 16, what is -e3 - 844d?
-8530
In base 9, what is 4 + -18024532?
-18024527
In base 16, what is 14c005 - 6?
14bfff
In base 9, what is -11 - -4286341?
4286330
In base 2, what is 10001100000000 - 1101001100?
1111110110100
In base 4, what is -201 + 20311100?
20310233
In base 9, what is -2640 - -273328?
270578
In base 9, what is 454722 + -4?
454717
In base 12, what is 72ba3 + 576?
73559
In base 11, what is 89 - 292a35?
-292957
In base 12, what is -3408 - -b5b?
-2469
In base 6, what is -1 + 2140034421?
2140034420
In base 14, what is 5 - 488a438?
-488a433
In base 15, what is 349 + 373b?
3a85
In base 4, what is 0 - -102111111003?
102111111003
In base 3, what is -11122122110 + -211?
-11122200021
In base 2, what is -111110001001 - 1100101111101010?
-1101101101110011
In base 3, what is 1210102